at is the value of 13 - (11 + -9 + 10)?
1
-4 - -4 - (8 - 11)
3
Calculate -8 + 3 - (-2 - 2).
-1
What is the value of -3 - -2 - (11 + (-11 - -6))?
-7
What is the value of 2 + (4 - (0 - -3) - 0)?
3
Calculate 2 + 2 + 0 + -8.
-4
6 + (-2 - (6 - 2 - 3))
3
Evaluate -7 + 6 + -2 + 4.
1
-5 - (0 - 2) - -2 - -5
4
What is the value of 17 - 12 - (1 + 5)?
-1
Calculate (-3 - -15) + -4 + -5 + -2.
1
Calculate 7 - ((-7 - -4) + 6).
4
What is the value of 9 + -18 - -17 - (7 - -1)?
0
Evaluate 5 + (-9 - -4) + -1.
-1
What is 7 + -6 + -1 + 0 - 4?
-4
Evaluate 1 + 10 + (-61 - -52).
2
-4 + (0 - 2 - -5)
-1
Evaluate -1 + -2 - (-11 - -6).
2
13 + (10 - (38 - 9))
-6
What is the value of (-3 + 4 - 0) + -6?
-5
Evaluate -1 + 6 - (-4 - -15 - 3).
-3
What is the value of 6 - (-6 + 17) - -2?
-3
Calculate (-5 - -9 - 5) + 7.
6
Evaluate (7 + -2 - 7) + 5.
3
What is the value of 19 + (-24 - (6 - 15))?
4
Calculate (-2 - -1) + -2 + 5.
2
Calculate 13 + -7 + 8 + -10.
4
What is the value of -2 + -4 + 1 + 1?
-4
What is (-7 - 1) + (-1 - -5)?
-4
What is the value of -2 + 2 + -5 + 4?
-1
Evaluate 4 + 1 + (10 - 7).
8
Evaluate (5 - 5) + -2 + (1 - -2).
1
Evaluate -3 + (-1 + 5 - -1).
2
Calculate -4 + 2 - (-2 - 1) - 3.
-2
Evaluate -1 - 0 - (-28 + 30).
-3
Evaluate -7 + -2 + -3 + 23 + -16.
-5
Evaluate 2 - (-3 + (0 - 3) + 4).
4
Calculate -4 - (-1 + (1 + -7 - 5)).
8
What is the value of (-4 - -4 - 4) + 6?
2
13 + -12 + 3 + -1
3
Evaluate 3 + (-21 - -31 - (-1 + 6)).
8
(5 - 7) + (-5 - -4)
-3
Evaluate -12 + 27 + -12 + -3.
0
-5 - (-2 + -3 + (-1 - 5))
6
What is -1 - (6 + (-12 - (-3 + -4)))?
-2
What is 2 - (5 + 9 + -9)?
-3
What is the value of (16 - 9 - (-1 - -5)) + -3?
0
Evaluate (20 - 18) + -5 + (4 - 0).
1
What is the value of (-2 - (4 + -3)) + 2 - -5?
4
Calculate 0 + 1 + 9 - 2 - 7.
1
-3 - 1 - (3 - 3 - 2)
-2
What is (-1 - (3 + (-6 - 1))) + -2?
1
What is (-12 - (-11 + 5)) + 6?
0
What is 2 + -3 + 2 + 1?
2
What is the value of -5 - (4 + -8) - (-7 - -4)?
2
-1 + -4 - (-15 + -3 - -9)
4
What is 6 + (-8 - -5) - (-1 - -3)?
1
What is the value of 2 - -1 - 5 - (-5 + 10)?
-7
What is the value of (6 - 8 - (-5 + 19)) + 9?
-7
Evaluate -1 - (2 + -4 - (0 + -2)).
-1
What is the value of 0 - (-3 - 2 - 0)?
5
What is the value of 1 + (-6 + 0 - (7 + -10))?
-2
What is the value of 0 + -4 + 2 + -3 + 5?
0
-8 + 2 + 4 + 1
-1
Calculate -5 + 7 - (4 - 1).
-1
What is the value of -4 + -4 + 5 - -1?
-2
What is -8 + (-13 - (-19 + 7))?
-9
(-4 - -11) + -3 - (1 + 3)
0
Calculate -3 + 6 - (2 + 5).
-4
-8 + (2 - (-7 - -17 - 6))
-10
What is (-3 - -2) + (-21 - -11) + 14?
3
What is 10 + 0 - (-5 + 2 + 7)?
6
-2 + -8 + 3 - -8
1
Calculate 1 + 6 + 5 + -11 + -8.
-7
-3 - -5 - (1 - 2)
3
-1 - -1 - (-4 + -2)
6
Evaluate -1 + (0 - -4) + (-2 - 1).
0
Calculate 7 + -7 - 5 - -7.
2
What is the value of 0 + -2 + (2 - -3)?
3
Calculate 9 + 1 + (-5 - 1).
4
Calculate 0 + (6 - (-1 - -4)).
3
What is the value of 5 - (10 - -2) - -5?
-2
What is -5 + 1 + -4 + -1 + 12?
3
Evaluate -9 + (-5 - -19) + -5.
0
(1 - -3 - (-9 - -19)) + 1
-5
What is the value of 5 + -2 - (10 + -8)?
1
Evaluate -6 + 7 - -5 - 5.
1
-4 + 3 + 0 - 0
-1
What is -1 + -4 - (115 + -127)?
7
Evaluate -2 + (9 - -3) + -18.
-8
What is (1 - -4) + (-3 - (-7 - -2))?
7
What is 2 + 3 + (21 - 32)?
-6
What is the value of 7 + (-1 - -1 - 0) - -1?
8
Calculate -1 - (-2 + 6 + -11 - -3).
3
11 - 10 - ((-1 - 0) + 0)
2
What is 34 + -37 - (-1 + (-5 - 1))?
4
-1 + (-7 - (-2 + -6))
0
What is -3 + (1 - 2 - -4)?
0
What is the value of 0 - (5 + -2) - (3 + -6)?
0
Calculate -1 + -7 + 5 + (-2 - -2).
-3
What is -3 - (1 - -2 - 1 - 6)?
1
Calculate (8 - -2) + -7 + 1 + -1.
3
Evaluate 3 - (2 + -2) - 3.
0
What is -3 + 4 + -2 + 1 + 0?
0
What is the value of -7 + 1 + -6 - -12?
0
What is the value of (-4 - -9 - 3) + -3 + 2?
1
What is 10 - (17 + -7) - (5 + -1)?
-4
Calculate -1 + 8 - (12 - 12).
7
Calculate (3 - -1) + -3 + 4.
5
Evaluate -6 + 4 + 0 + 1 + -2.
-3
What is (0 - 2) + (21 - 23) - -4?
0
2 + -1 - (57 + -61)
5
8 + -11 + -1 + 6 + -6
-4
(-3 - (-3 - -1)) + (-1 - -2)
0
Calculate 3 + (1 - 2) + -5.
-3
-2 - 0 - ((2 - 12) + 5)
3
What is (-11 - (-5 - 23)) + -10?
7
What is the value of 1 - (2 + 4 + -4)?
-1
Evaluate 3 + -1 - (-2 + 0 - -5).
-1
Calculate -1 + 10 + 2 + -6.
5
-1 - (5 + -3) - -4
1
What is the value of 4 + (-5 - (11 + -6)) + 1?
-5
Calculate -2 - (-2 - (-4 + -5)).
-9
What is 9 - (9 - (15 + -8))?
7
What is -2 - (2 + (2 - 13))?
7
What is the value of -1 + (0 - (2 - 1))?
-2
What is the value of 4 + 0 + (4 - 5) + -1?
2
Calculate -5 + (7 - -10 - (4 - -2)).
6
What is 2 + -16 - (2 - 7)?
-9
What is (3 - (-5 - -14)) + (10 - 4)?
0
(8 + -7 - -7) + -2
6
-8 - (3 - 15) - 1
3
Calculate (3 - (-2 + 5) - 1) + -4.
-5
What is (1 - (9 - 12)) + -3 + 0?
1
Evaluate (-19 - -14) + (-2 - -4).
-3
Calculate 2 + -2 + (74 - 71).
3
1 + -13 + 3 - (-5 + 1)
-5
Evaluate 2 + -3 + (5 - 1) + -1.
2
What is the value of (-3 - -16) + (-4 - 6)?
3
Evaluate -2 - (-8 + (-5 - -9)).
2
Calculate 1 + -7 - (-9 + -2).
5
What is the value of (0 - -1) + 3 - 0 - 0?
4
3 - (1 + 0) - 3
-1
What is the value of 0 + (2 - 1) + (-13 - -7)?
-5
What is the value of -9 + 25 + (-21 - -13)?
8
What is the value of -5 + 2 + (3 - 1)?
-1
What is 0 + (1 - 0) - (-36 - -38)?
-1
11 + -23 + -6 + 12
-6
What is 1 + 1 - (3 + -9) - -1?
9
Evaluate 3 - (4 - 3 - -1) - -4.
5
Calculate 3 + -3 - -3 - -2.
5
1 + (3 - (1 - -4)) + 8
7
Evaluate 3 + (-5 - (-4 - -2)).
0
0 + -5 + 4 - -6 - 7
-2
(-2 - -9) + (-16 - -10) + -3
-2
Calculate 5 - (7 + (-7 - -8)).
-3
What is the value of (2 - (19 + -12)) + 7?
2
Evaluate -7 + 0 + 13 - (0 - -1).
5
-5 - 0 - (-1 + 0)
-4
What is 3 - (-3 + (8 - (-1 + 7)))?
4
What is -4 + 7 + -3 + 2 + 0?
2
What is (27 - (1 + 10)) + -9?
7
Evaluate 2 + (-10 - (1 - 5)).
-4
What is the value of -12 + (-1 - -11) - 2?
-4
What is 5 - (-9 + 3 + (1 - -12))?
-2
Evaluate (0 - 1 - (4 + -1)) + 9.
5
Evaluate 6 + (5 - (10 - 4)) + -7.
-2
What is the value of (-4 - (-2 + -8) - 2) + 1?
5
What is 0 - -4 - (-3 + 6) - -1?
2
What is 5 + (1 - 7) - (-1 + 1)?
-1
Evaluate -1 - (0 - (-8 - -4)).
-5
Evaluate 0 - -8 - (3 - -1).
4
Calculate -5 - (-3 - (-5 - -2)).
-5
Calculate (18 - 16) + -6 + 0 - 0.
-4
Evaluate 1 + 3 + -5 - (3 - -1).
-5
-10 - -4 - (9 + -13)
-2
What is the value of -2 - (2 + 2 + -4 + -3)?
1
What is (2 + -5 - -3) + -1?
-1
Calculate (-10 - -22) + -11 - -1.
2
What is 4 + -9 + (6 - 6)?
-5
What is 5 + (-3 - 0 - 1) + -5?
-4
What is the value of 7 + 4 + -11 - -2?
2
Evaluate 1 + 0 + -5 - (37 + -44).
3
What is -2 - ((-4 - 0) + 5) - -1?
-2
What is 170 - 164 - (8 - 0)?
-2
What is (9 - (7 - 4)) + -8?
-2
What is 0 + -4 + 6 + -1?
1
-3 + (8 + -4 - -1)
2
-6 + -7 + 11 + 2
0
Evaluate (-5 + 2 - -3) + 6 + -8.
-2
What is the value of -6 + 1 + 0 + 8?
3
Evaluate 2 + -10 + 6 - (0 - 8).
6
What is the value of 1 + (3 - 4) - -3?
3
Evaluate 4 + -1 + (2 - 2) + 0.
3
Calculate 0 - -1 - (11 - (14 + -6)).
-2
What is -8 + -2 + 5 + -5 + 5?
-5
What is the value of -3 - (-2 - 6) - (36 - 26)?
-5
Evaluate -3 - (-5 - (3 + -7)).
-2
-11 + (-2 + 16 - 11)
-8
What is (-1 - 1) + 1 - (-118 + 116)?
1
What is (-3 + -5 - -6) + -2?
-4
-1 - (-7 - (-3 - 2 - -1))
2
What is the value of 1 + -3 - 1 - (13 - 12)?
-4
What is 0 + (6 - 0) - (13 + -3)?
-4
-26 + 22 - (-2 + -2)
0
What is the value of -2 + (-2 - -3) + 2 + 3?
4
Evaluate -8 + (10 - 4) - 0.
-2
What is the value of -2 - -3 - (3 - (3 - -1))?
2
Calculate (13 + -8 - -3) + -11.
-3
Evaluate 6 - (2 + 1) - 0.
3
Evaluate 4 + (0 + -1 - 1 - -4).
6
Calculate -5 + 0 - (4 - 8).
-1
What is (0 + -1 - 5) + 8?
2
Calculate -4 - (-15 - (-4 + -3)).
4
Evaluate (-3 - (-2 + 0 - 0)) + 4.
3
(8 - (0 + (0 - 1))) + -4
5
Evaluate -5 - -5 - (-2 + 4).
-2
-2 - 2 - (2 + -1)
-5
What is -2 + 1 + 13 - 3?
9
What is the value of 7 - ((5 - 9) + 10)?
1
What is the value of -7 + 5 + 7 + -9?
-4
Evaluate 11 - ((-9 - -18) + (-3 - 4)).
9
Calculate -11 + 1 - (60 + -76).
6
Evaluate (-11 - (-5 + 1)) + 7 + -5.
-5
What is (4 - 6 - 0 - -2) + 7?
7
Calculate -5 - (-17 + 9) - -4.
7
What is 4 - (6 + -2 + -1)?
1
Calculate 6 - (-2 + (5 - 1)) - 3.
1
Calculate (-1 - -5) + (-7 - -13) + -10.
0
What is the value of -14 + 16 + (-1 - (0 - 4))?
5
Evaluate 0 + 1 + 1 + 0 + 2.
4
What is the value of 10 + -13 + (3 - 3)?
-3
4 - (1 + (3 - 1) + 2)
-1
What is (-5 - -5) + (-1 - -1)?
0
Calculate -4 + 20 + -7 + (3 - 2).
10
What is (2 - -6) + (-3 - 3)?
2
(-11 - (1 + -7)) + (5 - 1)
-1
What is -4 + 2 + 0 - (-4 - 0)?
2
Wh